1
Suppose 4*s + 38 = 3*v + 7, -5 = -5*v - 5*s. Suppose -v*l = 5*c + 30, -3*l - c - 5 - 9 = 0. List the prime factors of (210/(-4))/(l/8).
3, 5, 7
Let h = -2187 - -2753. What are the prime factors of h?
2, 283
Suppose -40617 = 2375*y - 2384*y. List the prime factors of y.
4513
Let z be (85/15 - 7)*(-6)/(-4). What are the prime factors of (75/(-6))/(1/z)?
5
Suppose 5*p = 2*s + 9467, -7*s - 2 = -5*s. Suppose 6*b - 8*b - k = -1261, 0 = -3*b - k + p. List the prime factors of b.
2, 79
What are the prime factors of 156/130 + 33539/55?
13, 47
What are the prime factors of 750048/273 + (-3)/7?
41, 67
Suppose -4*m = 4*m - 11*m + 2172. What are the prime factors of m?
2, 181
Let p = 52 - 50. Suppose -p*x + 0*x = -n - 6, 0 = 3*x - 5*n - 16. Let k(i) = i + 10. List the prime factors of k(x).
2, 3
Let u(r) = 30*r**2 - 3*r + 39. Let a(d) = -10*d**2 + d - 13. Let v(q) = -7*a(q) - 2*u(q). What are the prime factors of v(4)?
13
List the prime factors of 6521*7 + ((-18)/(-24))/(111/740).
2, 101, 113
Suppose 54*u - 51*u = -o + 57938, 4*o + 38644 = 2*u. What are the prime factors of u?
2, 3, 29, 37
Let z(x) = x**2 + 20*x + 47. Let m be z(-19). Let g(p) = 17 - m + 2*p**2 + 16 - 17*p. List the prime factors of g(-6).
179
Suppose 5*i = 3 - 33. Let v be (60/18)/((-1)/i). Suppose -2*a - m = -116 - 115, -4*m + v = 0. List the prime factors of a.
113
Suppose 0 = -y - 2*h + 27 - 21, -3 = -3*h. Suppose y*z + 17 = -3, 2*q = 4*z + 1296. List the prime factors of q.
2, 11, 29
Suppose 13*r - 10 - 16 = 0. Suppose -5*k + o = -869, -r*k - 3*k + 4*o = -866. List the prime factors of k.
2, 3, 29
Let q = 281 + -276. Suppose 13*v - 10*v = -q*l + 1034, 2*v + 4*l - 692 = 0. What are the prime factors of v?
2, 13
Let h(x) = 6*x**3 - 3*x**2 - 58*x - 293. List the prime factors of h(22).
3, 6763
Let z(p) = -3005*p**3 - 2*p**2 - 3*p - 2. Let j be z(-1). Suppose -5*l - 1204 = -j. Suppose 3*u + 2*u - l = 0. List the prime factors of u.
2, 3
Let p(l) = 2851*l - 767. What are the prime factors of p(7)?
2, 5, 19, 101
Suppose 12*t = 11*t + 8. Suppose z - t = -63. Let s = 111 + z. What are the prime factors of s?
2, 7
Let y(l) = 84*l - 33. Let n be y(6). Let z = n - 290. What are the prime factors of z?
181
Suppose -247567 = -33*u + 174536. What are the prime factors of u?
12791
Let h be (-45 - 0/2) + (-39 - -42). Let p = 155 + h. What are the prime factors of p?
113
Let s = 0 + 0. Let c(v) = 9*v**3 + 10*v**2 - 11*v - 20. Let l be c(3). Suppose -3*r + h + l = s, -7*r + 98 = -6*r - 5*h. List the prime factors of r.
3, 31
Let o be (-3)/5 - 33/(-5). Suppose -o*g - 317 = -83. List the prime factors of (-2 + 2 - 90)/(g/26).
2, 3, 5
List the prime factors of (1 + 0 - 23)*(-223709)/698.
11, 641
Suppose 9*z - 205 = 344. Suppose 163 = 2*d + z. What are the prime factors of d?
3, 17
Suppose 4*s + 13*u = 12*u + 3243, -5*s = 4*u - 4062. List the prime factors of s.
2, 3, 5
Let m = 17087 + -5972. What are the prime factors of m?
3, 5, 13, 19
Let a = -29841 - -71274. List the prime factors of 2/8 + a/28.
2, 5, 37
Let i be (-2 - 10/(-4))/(6/13392). Let s = 2408 - i. What are the prime factors of s?
2, 17, 19
Suppose -8*c = 27*c - 70. Let j be (-11)/22 + 1/2. Suppose 830 = 5*q - c*b, -3*q + 4*b + 155 + 329 = j. What are the prime factors of q?
2, 3, 7
Let g(h) = 58*h + 106. Let o be g(-6). What are the prime factors of (-5692)/(-11) + -4*33/o?
2, 7, 37
Let o(c) = -c**3 - 5*c**2 + 4*c + 11. Let d(j) = -j**2 + 1. Let x(s) = -4*d(s) - o(s). Suppose b = 2*b + 9. List the prime factors of x(b).
3, 7
Let a(k) = -k**3 - 64*k**2 - 40*k - 32. What are the prime factors of a(-72)?
2, 5, 277
Suppose 0 = -3*n + 2*y + 2289, 0 = -5*n - 4*y + 5952 - 2137. Suppose -f = 44 - n. List the prime factors of f.
719
Suppose 4*a - i = 0, 3*i = -4*a - 2*i. Suppose a = 15*y - 8*y - 2800. What are the prime factors of y?
2, 5
Let o be 8/18*45/10. Suppose 5*k - 1410 = 5*d, -5*d + 1821 - 648 = 4*k. Suppose -o*n = 49 - k. List the prime factors of n.
7, 17
Let b be -3 + 3*(3 + -2). Let k = 648 + -644. Suppose u - k*l - 107 = 0, b*u = -u - l + 107. List the prime factors of u.
107
Let h = -11 + 11. Let q(t) = -5*t + 9 + h*t + 2*t + t. List the prime factors of q(-4).
17
Let s(h) = 157*h - 1719. List the prime factors of s(11).
2
Suppose 5*f = -3*w + 14798, -148*f - w = -149*f + 2966. What are the prime factors of f?
2, 1481
Let h(b) = 6*b**3 - 9*b**2 - 26*b - 13. Let p(z) = -5*z**3 + 9*z**2 + 25*z + 14. Let u(x) = -6*h(x) - 7*p(x). What are the prime factors of u(-8)?
2, 17
Suppose 188 = -4*k - 0*x - 3*x, 2*k + 96 = -2*x. Let u = -23 - k. List the prime factors of 0 + (u - 2/1).
19
Let u(a) = -a**3 - 5*a**2 + 12*a - 12. Let t be u(-7). Suppose t*y = 4*w - 66, y + 5 = -0*y. Suppose -74 - w = -4*i. What are the prime factors of i?
2, 11
Suppose 36 = 4*v + 4*c, v + 29 = 2*v + 5*c. Suppose v*d = -45 - 299. What are the prime factors of (-51)/17 - (d*1 + 2)?
3
Suppose -3*w - 4*m + 2538 = 0, 0*m = -2*w + 5*m + 1692. Let v = w + -460. What are the prime factors of v?
2, 193
Let n = -23584 - -70551. List the prime factors of n.
67, 701
Suppose -5*n + 3*n = s - 2, 20 = -4*n. Suppose 0 = 16*z - s - 356. What are the prime factors of z?
23
Suppose 2*w - 4*g - 2488 = 0, -75*w = -78*w - 3*g + 3705. List the prime factors of w.
2, 619
Let n(q) = 2*q**3 - 48*q**2 - 155*q - 179. List the prime factors of n(41).
2, 5, 2531
Suppose 23*t - 12336 - 452498 = -14264. What are the prime factors of t?
2, 3, 5, 653
Let f(y) = -7*y**3 + 21*y**2 + 3*y - 12. What are the prime factors of f(-8)?
2, 1223
Suppose -4*f + 3*r + 1845 = 0, 2608 - 773 = 4*f - 5*r. List the prime factors of (3 - (3 - -3)) + f/1.
2, 3, 7, 11
Suppose 0 = -n + 4, 2*m + 2*n + 40717 - 170077 = 0. List the prime factors of m.
2, 19, 23, 37
Suppose 4872*h - 4926*h = -1377972. List the prime factors of h.
2, 3, 4253
Let s(y) = 107*y**2 + 1. Let f be s(1). Suppose -f*i - 126 = -109*i. What are the prime factors of i?
2, 3, 7
Let z = -36725 + 75761. List the prime factors of z.
2, 3, 3253
Suppose -3 - 7 = -5*v. Let b(u) = 0 + 30*u - 39*u + 2*u**v + 16. List the prime factors of b(7).
3, 17
Suppose 474*d - 447*d = 368658. What are the prime factors of d?
2, 6827
Suppose 5*n = -40 - 30. Let t = -13 - n. What are the prime factors of (10/(-8))/(t*3/(-276))?
5, 23
Let d = 10855 + -5925. What are the prime factors of d?
2, 5, 17, 29
Suppose 7*s = 10*s - 15. Suppose -3*g - j = -g - 910, -s*g + j + 2268 = 0. What are the prime factors of g?
2, 227
Let y(v) = 5732*v + 879. List the prime factors of y(1).
11, 601
Let d be (-1 + (-1 - -4))/((-8)/96). Let b(n) = 2*n**2 + 37*n + 29. List the prime factors of b(d).
293
Suppose 2*z = 2*g - 12, -29*z = -32*z - 5*g + 14. List the prime factors of (z/(-10))/((-41)/(-206435)).
19, 53
Let v = -75 + 76. List the prime factors of -21*((-188)/12 + v + -2).
2, 5, 7
Suppose 4*q = 6*q + k - 19, -q = -2*k - 2. Suppose -2*p + 3*t + 689 = q*t, -2*p + 724 = -2*t. What are the prime factors of p?
3, 7, 17
Let u(q) = 128*q**2 + 214*q - 1411. What are the prime factors of u(7)?
6359
Suppose 12 = -2*p - 2*u, 2*p + 5 + 10 = u. Let t = -12 - p. What are the prime factors of (t/(-1))/5 - -38?
3, 13
Suppose 2*m + 3*t = 35310 - 3252, 0 = 2*m - 5*t - 32042. List the prime factors of m.
2, 3, 2671
Let k(l) = 76*l**2 - 32*l + 114. List the prime factors of k(14).
2, 3, 809
Suppose -3*j - 3*o - o = -26, 0 = j + o - 9. Let g be j*((-12)/15 - -2). What are the prime factors of 2 - (-135)/(g/4)?
47
Suppose 5*f = -a + 963, 2302 = 3*a - 2*f - 502. Let h = a + 509. What are the prime factors of h?
1447
Suppose 3*p - 2*u = 266, -2*p = -u + 2*u - 182. Suppose -4*n - 3*v + 40 = -112, -4*v = 4*n - 156. What are the prime factors of 1588/14 - (p/n)/6?
113
Suppose -33480 = 494*l - 997*l + 498*l. List the prime factors of l.
2, 3, 31
What are the prime factors of (-213931)/(-5) - (-4 - 672/(-210))?
42787
Suppose -3*b + 4*s + 4 = 2*s, -4*s = -3*b + 8. Suppose -16*h + 17*h - 319 = b. What are the prime factors of h?
11, 29
Let h(b) = 13*b + 15. Let c be h(-1). Suppose 3*y - 4708 = -c*g, 5*y - 9*g = -13*g + 7850. List the prime factors of y.
2, 3, 29
Let c(m) = m**2 + m**3 + 21*m - 8*m + 8*m**2 - 11 + 6*m**2. Let q be c(-14). Suppose -b + 5*y + 55 - q = 0, 0 = b - 4*y - 52. List the prime factors of b.
2, 